7
Suppose -6*v + 137 + 55 = 0. What is the tens digit of v?
3
Suppose -4*t - t = g - 580, -2*t = -5*g - 232. What is the tens digit of t?
1
Suppose 2 - 5 = 3*o. What is the units digit of 7 - (o - (-1)/1)?
7
Suppose -2*p = w - 23, 5*w + 1 = -14. What is the units digit of -5 + p + 3*1?
1
Let s(l) = 5*l. Suppose -v = -u + 7, -2*u + 0*v - 1 = v. What is the units digit of s(u)?
0
Let h = -7 + 8. Let b be 17/(-1)*1 - h. What is the units digit of 12/b*9/(-2)?
3
Let l = 215 - 145. What is the tens digit of l?
7
Let c(s) = s**3 + 7*s**2 + 3*s + 9. Let r be 4/18 + 672/(-108). What is the tens digit of c(r)?
2
Let s = 12 + -7. Suppose s*y - 35 = -0. What is the units digit of y?
7
Suppose 104 = 34*r - 30*r. What is the tens digit of r?
2
Suppose -k - 241 = -4*j, -k + 40 = 2*j - 79. Let z = -35 + j. What is the units digit of z?
5
Suppose -3*x - 2 = -8. What is the units digit of (1/2)/(x/44)?
1
Suppose 228 - 40 = 4*i. What is the tens digit of i?
4
Let t(s) = s**3 + 0*s**3 + s**2 + 3 - s + 0*s**2. Let i be t(0). Suppose 6 = -i*r + 27. What is the units digit of r?
7
Suppose -2*n - 5 = h, -h - n + 0 = 1. Let o be (-4 + h)*(0 - 1). Let i(a) = 8*a. What is the units digit of i(o)?
8
Let r(w) = -w**2 + 7*w - 8. Suppose -5*g = -4*h - 30, -5*g + 18 + 12 = -h. Let b be r(g). What is the units digit of 0 - (-2 + (-1 - b))?
1
Suppose -m - 3 - 57 = 0. Let v = m + 112. Suppose -4*a = -0*a - v. What is the units digit of a?
3
Suppose -18*u = -5*u - 3432. What is the units digit of u?
4
What is the hundreds digit of 129/(-4 - 10/(-2))?
1
Let y = 434 + -237. What is the tens digit of y?
9
Let a = -2 + 3. Let r(f) = 1. Let x(y) = -8*y + 2. Let v(k) = r(k) - x(k). What is the units digit of v(a)?
7
Let u = -1 - -6. Suppose -u*n + 220 = 4*i, -55 = 4*i - 5*i + n. What is the tens digit of i?
5
Suppose -x - 6 = 2*r - 5*r, 18 = x + 3*r. Suppose -5*y = -p + x, 2*p - 24 = -0*y + 4*y. What is the tens digit of p?
1
Let r(d) = 14*d**2 - d. Let c = -11 + 10. What is the tens digit of r(c)?
1
Suppose 5*m - 36 = 14. Let i be (-2)/(-7) + 23/(-7). Let w = i + m. What is the units digit of w?
7
Let n = -27 - -3. Let u = 0 - 39. Let k = n - u. What is the tens digit of k?
1
What is the tens digit of 25 + 6*6/(-9)?
2
Suppose -p - 10 = 2*q + 2*p, -14 = -2*q + 3*p. Suppose 0 = 2*s - 1 - q. Let x = 0 + s. What is the units digit of x?
1
Suppose -d = 5*t - 57, -8*d = -5*t - 3*d + 75. What is the units digit of 6/((-9)/t*-2)?
4
Let r be 1/4*3*8. Let u be (-3 - -2)*(-1 + -1). Suppose -u*x + r*x = 20. What is the units digit of x?
5
Let j be (1*-3)/3*-2. Suppose -4*i + 0*i + 20 = 0. Suppose -c - 2*s + i = -j, 2*s - 2 = 0. What is the units digit of c?
5
What is the units digit of (-452)/(-2)*((-42)/(-12) + -3)?
3
Suppose -2*m + 46 = 5*q - 0*m, 12 = 3*q - 4*m. Let d be (-2)/7 + 432/42. Let w = d - q. What is the units digit of w?
2
Suppose 0 = -3*i + 4*l + 7 + 14, -4*i + 5*l = -28. What is the units digit of i?
7
Suppose -3 + 31 = 2*n. Suppose -31 = -u - u - 5*a, -3*u = a - n. Suppose 0 = -2*s + 4*v - 3*v + 18, u*v = 3*s - 33. What is the units digit of s?
7
Suppose -v + 0*a = 2*a - 12, 0 = 3*v + 3*a - 21. Suppose -3*k + 24 = 2*k + 4*o, -v*k + 5 = -3*o. What is the units digit of 10/k*(1 - -1)?
5
What is the tens digit of 83 + (-4 - -3) - (-1 + -2)?
8
Suppose -3 = -m + 17. What is the units digit of m?
0
Let b = 1 + -5. What is the units digit of 3 + b - 0 - -8?
7
Suppose t = -0*y + 3*y - 9, 0 = t + 2*y - 6. Suppose t = -5*n + 10. Let w(b) = 4*b**2 - b - 2. What is the tens digit of w(n)?
1
Let c = -18 - -11. Let g(f) = -f - 2. What is the units digit of g(c)?
5
Suppose -212 = -4*p + 52. What is the units digit of p?
6
Suppose -6*j + 2*j + 5*i = -59, 2*i + 11 = j. What is the units digit of j?
1
Suppose -5*a + 21 = 4*k, 2*k = 4*a - a + 5. Let q be k/6 + 34/3. Let j = q + 1. What is the units digit of j?
3
Let l(j) = 12*j**2 - 10. What is the units digit of l(3)?
8
Let r be 5*1 - (-6 + 9). Suppose -r*k - 2*z = -62 - 2, -2*z = 4*k - 136. What is the tens digit of k?
3
Let v(u) = u + 12. Let b be v(-8). Suppose 0 = -4*s + 4*a + 8, 2*a + 0 = -s - b. Suppose 2*d + s*d = 20. What is the units digit of d?
0
What is the units digit of (-14)/(-63) + (-518)/(-18)?
9
Let f = -413 + 260. Let h be f/(-21) + 6/(-21). Let r(l) = 2*l - 3. What is the units digit of r(h)?
1
Suppose -d = -0*d - 6. Let m = d + -8. What is the units digit of (-1)/m + 2/4?
1
Let n(f) = -f**3 - 4*f**2 + 5*f - 6. Let u be n(-5). Let k = u - -9. Let c = k + 1. What is the units digit of c?
4
Let m(o) = -o**3 + 8*o**2 - o - 6. Let s be m(7). Let k = s + -26. What is the tens digit of k?
1
Let l = -15 + 5. Let p = 22 + l. Suppose 2*q = a + 3*a - p, 5*a = -5*q + 30. What is the units digit of q?
2
Let z be (-1 - (-4)/6)*129. Let d = -5 - z. What is the units digit of d?
8
What is the hundreds digit of (-3)/(15/25) - -232?
2
What is the hundreds digit of (-6)/8*-4 + 108?
1
Let d = 11 - 6. Let z = -3 + d. Suppose -3*g = 3*t - 12, -z*t = g + 2*t - 4. What is the units digit of g?
4
Let j(q) = -q**2 - 2*q + 1. Let z be j(-2). What is the tens digit of 26/1 - (-1 - z)?
2
Let z be 1 - -2 - (-72 - 0). Suppose 4*q - z = -q. What is the units digit of q?
5
Suppose -2*r + 6 = r. What is the units digit of 2/(r/15) + -1?
4
Let s(p) = p + 9. Let j be s(-4). Suppose 4*m = 2*l + 4 - 34, -4*m = j*l - 47. What is the units digit of l?
1
Suppose -12 = 2*a - 4*y + 6*y, -y = -4*a - 9. Let d(u) = 0*u - 2*u - u**2 + 4*u + 2*u**2. What is the units digit of d(a)?
3
Suppose 3*o = c - 17, -4*o + 8 = -0*o. What is the units digit of c?
3
Let m be 11/3 - 9/(-27). What is the units digit of (m - 1)*(-120)/(-45)?
8
What is the units digit of (6 + -2)/(114/(-39) + 3)?
2
Suppose 44 = 4*i + 4*o, 5*i + 2*o = -2*o + 53. What is the units digit of i?
9
Let t = -31 + 66. What is the tens digit of t?
3
Let u = -24 + 9. Let t = 1 - u. What is the units digit of t?
6
Let l(m) = m**2 - 6*m - 10. Let n be l(7). Let k = 0 - n. Suppose v = 5*s + 31, -2*v = -2*s - k*s - 42. What is the units digit of v?
1
Suppose 3*m - m = -z + 24, 5*z + 4*m = 114. What is the tens digit of z?
2
Let s(r) = r**3 - 5*r**2 + 3*r + 2. What is the units digit of s(5)?
7
Let v(k) be the third derivative of 1/6*k**4 + 0 + 5/6*k**3 - k**2 + 0*k. What is the units digit of v(4)?
1
Suppose 13 = -5*z - 22. Let x = 3 - z. What is the tens digit of x?
1
Let k be ((-4)/10)/((-1)/150). Suppose 2*h - 7*h - k = 0. What is the units digit of ((-16)/h)/((-4)/(-18))?
6
Suppose 0 = 2*x - 2*j - 158, x + 0*x - 79 = 3*j. What is the units digit of x?
9
Suppose 0 = -c + 2*c - 3. What is the units digit of c?
3
Let b(r) = r**3 + 7*r**2 + 7*r + 8. Suppose 3*m + 5 + 13 = 0. What is the units digit of b(m)?
2
Let u = -6 + 10. Suppose k + u*k = j - 8, 5*j + k - 14 = 0. Suppose -5*l + j = -2*l. What is the units digit of l?
1
Let r(s) = -s - 2. Let n(c) = -c**3 - 2*c**2 - 3*c - 2. Let x be n(-2). Suppose -x*v - 4 = 16. What is the units digit of r(v)?
3
Let x(q) = 3*q - 1. Let f be x(4). Suppose -4*m - 2 = -5*v + 9, 2*m = -3*v + f. Suppose -3*j + 17 = 2*r, -v*j + 17 + 8 = 4*r. What is the units digit of j?
3
Let o(f) = f**3 - 2*f**2 - 5*f - 1. Let c(m) = -4*m**3 - m**2 + 1. Suppose 7*l - 4*l = 3*y - 18, 2*y - 15 = 5*l. Let r be c(l). What is the units digit of o(r)?
1
Suppose 5*p = 4 + 1. Suppose 6 = 4*i - 0*d - d, 2*i + 4*d = 12. Suppose -i = -o + p. What is the units digit of o?
3
Let s = -74 + 107. Suppose n + 5 = 2*g - 8, -3*n = -5*g + s. What is the units digit of g?
6
Suppose -5*f - 15 = 0, 3*w + 4*f = 11 + 79. What is the units digit of w?
4
What is the units digit of 318/8 + 6/24?
0
Let u = 181 - 119. What is the units digit of u?
2
Let y(z) = -11*z - 21. What is the units digit of y(-10)?
9
Let x = -33 - -48. What is the tens digit of x?
1
What is the units digit of (-113)/(-5) + (-33)/55?
2
What is the units digit of 2266/26 - ((-84)/(-78))/7?
7
Let g = 330 + -93. What is the hundreds digit of g?
2
Let u be (-1)/(-4) - 19/(-4). Suppose u*k - 18 = 117. Suppose q = 4*q - k. What is the units digit of q?
9
Let l = 0 - 3. What is the units digit of (l/9)/((-1)/21)?
7
Let p be ((-1)/2)/(3/(-66)). Suppose 13 = 2*z + 5*c, -z + 0*z - 4*c = -p. What is the units digit of (-1 + 0)/(1/z)?
1
Let a = 100 - 29. Suppose -